[INFO] fetching crate metamorphosis 0.0.0...
[INFO] checking metamorphosis-0.0.0 against master#af3c6e733a40e671550e0f0f5aeecaa13772ba56 for pr-74989
[INFO] extracting crate metamorphosis 0.0.0 into /workspace/builds/worker-6/source
[INFO] validating manifest of crates.io crate metamorphosis 0.0.0 on toolchain af3c6e733a40e671550e0f0f5aeecaa13772ba56
[INFO] running `Command { std: "/workspace/cargo-home/bin/cargo" "+af3c6e733a40e671550e0f0f5aeecaa13772ba56" "read-manifest" "--manifest-path" "Cargo.toml", kill_on_drop: false }`
[INFO] started tweaking crates.io crate metamorphosis 0.0.0
[INFO] finished tweaking crates.io crate metamorphosis 0.0.0
[INFO] tweaked toml for crates.io crate metamorphosis 0.0.0 written to /workspace/builds/worker-6/source/Cargo.toml
[INFO] running `Command { std: "/workspace/cargo-home/bin/cargo" "+af3c6e733a40e671550e0f0f5aeecaa13772ba56" "generate-lockfile" "--manifest-path" "Cargo.toml" "-Zno-index-update", kill_on_drop: false }`
[INFO] running `Command { std: "/workspace/cargo-home/bin/cargo" "+af3c6e733a40e671550e0f0f5aeecaa13772ba56" "fetch" "--locked" "--manifest-path" "Cargo.toml", kill_on_drop: false }`
[INFO] running `Command { std: "docker" "create" "-v" "/var/lib/crater-agent-workspace/builds/worker-6/target:/opt/rustwide/target:rw,Z" "-v" "/var/lib/crater-agent-workspace/builds/worker-6/source:/opt/rustwide/workdir:ro,Z" "-v" "/var/lib/crater-agent-workspace/cargo-home:/opt/rustwide/cargo-home:ro,Z" "-v" "/var/lib/crater-agent-workspace/rustup-home:/opt/rustwide/rustup-home:ro,Z" "-e" "SOURCE_DIR=/opt/rustwide/workdir" "-e" "CARGO_TARGET_DIR=/opt/rustwide/target" "-e" "CARGO_HOME=/opt/rustwide/cargo-home" "-e" "RUSTUP_HOME=/opt/rustwide/rustup-home" "-w" "/opt/rustwide/workdir" "-m" "1610612736" "--user" "0:0" "--network" "none" "rustops/crates-build-env@sha256:d92eaeed33fa75130ca1ee6c8a01d1ffb62bac859dfdfb3450e3e5d1c0146529" "/opt/rustwide/cargo-home/bin/cargo" "+af3c6e733a40e671550e0f0f5aeecaa13772ba56" "metadata" "--no-deps" "--format-version=1", kill_on_drop: false }`
[INFO] [stdout] 2e515f37ceee6fb757ce42b861378aef1c4ad3ddf0401648584377e289e61669
[INFO] [stderr] WARNING: Your kernel does not support swap limit capabilities or the cgroup is not mounted. Memory limited without swap.
[INFO] running `Command { std: "docker" "start" "-a" "2e515f37ceee6fb757ce42b861378aef1c4ad3ddf0401648584377e289e61669", kill_on_drop: false }`
[INFO] running `Command { std: "docker" "inspect" "2e515f37ceee6fb757ce42b861378aef1c4ad3ddf0401648584377e289e61669", kill_on_drop: false }`
[INFO] running `Command { std: "docker" "rm" "-f" "2e515f37ceee6fb757ce42b861378aef1c4ad3ddf0401648584377e289e61669", kill_on_drop: false }`
[INFO] [stdout] 2e515f37ceee6fb757ce42b861378aef1c4ad3ddf0401648584377e289e61669
[INFO] running `Command { std: "docker" "create" "-v" "/var/lib/crater-agent-workspace/builds/worker-6/target:/opt/rustwide/target:rw,Z" "-v" "/var/lib/crater-agent-workspace/builds/worker-6/source:/opt/rustwide/workdir:ro,Z" "-v" "/var/lib/crater-agent-workspace/cargo-home:/opt/rustwide/cargo-home:ro,Z" "-v" "/var/lib/crater-agent-workspace/rustup-home:/opt/rustwide/rustup-home:ro,Z" "-e" "SOURCE_DIR=/opt/rustwide/workdir" "-e" "CARGO_TARGET_DIR=/opt/rustwide/target" "-e" "CARGO_INCREMENTAL=0" "-e" "RUST_BACKTRACE=full" "-e" "RUSTFLAGS=--cap-lints=forbid" "-e" "CARGO_HOME=/opt/rustwide/cargo-home" "-e" "RUSTUP_HOME=/opt/rustwide/rustup-home" "-w" "/opt/rustwide/workdir" "-m" "1610612736" "--user" "0:0" "--network" "none" "rustops/crates-build-env@sha256:d92eaeed33fa75130ca1ee6c8a01d1ffb62bac859dfdfb3450e3e5d1c0146529" "/opt/rustwide/cargo-home/bin/cargo" "+af3c6e733a40e671550e0f0f5aeecaa13772ba56" "check" "--frozen" "--all" "--all-targets" "--message-format=json", kill_on_drop: false }`
[INFO] [stdout] a9f6be13376fa71b35d95927b73533e09b06420e25e8b4982830268ca008739c
[INFO] [stderr] WARNING: Your kernel does not support swap limit capabilities or the cgroup is not mounted. Memory limited without swap.
[INFO] running `Command { std: "docker" "start" "-a" "a9f6be13376fa71b35d95927b73533e09b06420e25e8b4982830268ca008739c", kill_on_drop: false }`
[INFO] [stderr]    Compiling memchr v2.3.3
[INFO] [stderr]     Checking spin v0.5.2
[INFO] [stderr]    Compiling proc-macro-hack v0.5.18
[INFO] [stderr]     Checking web_common v0.0.7
[INFO] [stderr]     Checking cty v0.2.1
[INFO] [stderr]     Checking lazy_static v1.4.0
[INFO] [stderr]     Checking callback v0.3.0
[INFO] [stderr]     Checking globals v1.0.1
[INFO] [stderr]     Checking cstring v0.0.4
[INFO] [stderr]    Compiling anystring_macro v0.0.1
[INFO] [stderr]     Checking anystring v0.0.2
[INFO] [stderr]     Checking js_ffi v0.2.2
[INFO] [stderr]     Checking metamorphosis v0.0.0 (/opt/rustwide/workdir)
[INFO] [stdout] error[E0425]: cannot find value `TYPE_NUM` in this scope
[INFO] [stdout]   --> src/lib.rs:89:13
[INFO] [stdout]    |
[INFO] [stdout] 89 |             TYPE_NUM,
[INFO] [stdout]    |             ^^^^^^^^ not found in this scope
[INFO] [stdout] 
[INFO] [stdout] 
[INFO] [stdout] error[E0425]: cannot find value `TYPE_NUM` in this scope
[INFO] [stdout]   --> src/lib.rs:91:13
[INFO] [stdout]    |
[INFO] [stdout] 91 |             TYPE_NUM,
[INFO] [stdout]    |             ^^^^^^^^ not found in this scope
[INFO] [stdout] 
[INFO] [stdout] 
[INFO] [stdout] error: aborting due to 2 previous errors
[INFO] [stdout] 
[INFO] [stdout] 
[INFO] [stdout] For more information about this error, try `rustc --explain E0425`.
[INFO] [stdout] 
[INFO] [stderr] error: could not compile `metamorphosis`.
[INFO] [stdout] error[E0425]: cannot find value `TYPE_NUM` in this scope
[INFO] [stdout]   --> src/lib.rs:89:13
[INFO] [stdout]    |
[INFO] [stdout] 89 |             TYPE_NUM,
[INFO] [stdout]    |             ^^^^^^^^ not found in this scope
[INFO] [stdout] 
[INFO] [stdout] 
[INFO] [stderr] 
[INFO] [stdout] error[E0425]: cannot find value `TYPE_NUM` in this scope
[INFO] [stdout]   --> src/lib.rs:91:13
[INFO] [stdout]    |
[INFO] [stdout] 91 |             TYPE_NUM,
[INFO] [stdout]    |             ^^^^^^^^ not found in this scope
[INFO] [stdout] 
[INFO] [stdout] 
[INFO] [stderr] To learn more, run the command again with --verbose.
[INFO] [stderr] warning: build failed, waiting for other jobs to finish...
[INFO] [stdout] error: aborting due to 2 previous errors
[INFO] [stdout] 
[INFO] [stdout] 
[INFO] [stdout] For more information about this error, try `rustc --explain E0425`.
[INFO] [stdout] 
[INFO] [stderr] error: build failed
[INFO] running `Command { std: "docker" "inspect" "a9f6be13376fa71b35d95927b73533e09b06420e25e8b4982830268ca008739c", kill_on_drop: false }`
[INFO] running `Command { std: "docker" "rm" "-f" "a9f6be13376fa71b35d95927b73533e09b06420e25e8b4982830268ca008739c", kill_on_drop: false }`
[INFO] [stdout] a9f6be13376fa71b35d95927b73533e09b06420e25e8b4982830268ca008739c
